CRAN Package Check Results for Package WDI

Last updated on 2022-05-18 21:53:31 CEST.

Flavor Version Tinstall Tcheck Ttotal Status Flags
r-devel-linux-x86_64-debian-clang 2.7.6 2.99 36.75 39.74 OK
r-devel-linux-x86_64-debian-gcc 2.7.6 2.15 28.93 31.08 OK
r-devel-linux-x86_64-fedora-clang 2.7.6 49.19 NOTE
r-devel-linux-x86_64-fedora-gcc 2.7.6 47.09 NOTE
r-devel-windows-x86_64 2.7.6 15.00 54.00 69.00 OK
r-patched-linux-x86_64 2.7.6 2.49 35.56 38.05 OK
r-release-linux-x86_64 2.7.6 2.80 36.02 38.82 OK
r-release-macos-arm64 2.7.6 16.00 NOTE
r-release-macos-x86_64 2.7.6 23.00 NOTE
r-release-windows-x86_64 2.7.6 14.00 52.00 66.00 OK
r-oldrel-macos-arm64 2.7.6 20.00 NOTE
r-oldrel-macos-x86_64 2.7.6 24.00 NOTE
r-oldrel-windows-ix86+x86_64 2.7.6 6.00 50.00 56.00 OK

Check Details

Version: 2.7.6
Check: data for non-ASCII characters
Result: NOTE
     Note: found 1477 marked UTF-8 strings
Flavors: r-devel-linux-x86_64-fedora-clang, r-devel-linux-x86_64-fedora-gcc, r-release-macos-arm64, r-release-macos-x86_64, r-oldrel-macos-arm64, r-oldrel-macos-x86_64