CRAN Package Check Results for Package WGCNA

Last updated on 2022-01-26 22:55:08 CET.

Flavor Version Tinstall Tcheck Ttotal Status Flags
r-devel-linux-x86_64-debian-clang 1.70-3 71.87 423.76 495.63 OK
r-devel-linux-x86_64-debian-gcc 1.70-3 59.97 316.78 376.75 OK
r-devel-linux-x86_64-fedora-clang 1.70-3 592.50 OK
r-devel-linux-x86_64-fedora-gcc 1.70-3 620.69 OK
r-devel-windows-x86_64-new-UL 1.70-3 179.00 463.00 642.00 OK
r-devel-windows-x86_64-new-TK 1.70-3 OK
r-patched-linux-x86_64 1.70-3 66.30 388.71 455.01 OK
r-release-linux-x86_64 1.70-3 52.97 390.76 443.73 OK
r-release-macos-arm64 1.70-3 NOTE
r-release-macos-x86_64 1.70-3 OK
r-release-windows-ix86+x86_64 1.70-3 143.00 602.00 745.00 NOTE
r-oldrel-macos-x86_64 1.70-3 OK
r-oldrel-windows-ix86+x86_64 1.70-3 132.00 537.00 669.00 NOTE

Check Details

Version: 1.70-3
Check: installed package size
Result: NOTE
     installed size is 5.6Mb
     sub-directories of 1Mb or more:
     R 2.0Mb
     libs 1.8Mb
Flavors: r-release-macos-arm64, r-release-windows-ix86+x86_64, r-oldrel-windows-ix86+x86_64