CRAN Package Check Results for Package WikidataR

Last updated on 2024-02-24 21:40:37 CET.

Flavor Version Tinstall Tcheck Ttotal Status Flags
r-devel-linux-x86_64-debian-clang 2.3.3 8.36 66.47 74.83 NOTE
r-devel-linux-x86_64-debian-gcc 2.3.3 5.80 49.32 55.12 NOTE
r-devel-linux-x86_64-fedora-clang 2.3.3 96.76 NOTE
r-devel-linux-x86_64-fedora-gcc 2.3.3 92.78 NOTE
r-devel-windows-x86_64 2.3.3 8.00 83.00 91.00 OK
r-patched-linux-x86_64 2.3.3 6.08 63.57 69.65 NOTE
r-release-linux-x86_64 2.3.3 5.87 62.51 68.38 NOTE
r-release-macos-arm64 2.3.3 56.00 OK
r-release-macos-x86_64 2.3.3 65.00 OK
r-release-windows-x86_64 2.3.3 11.00 91.00 102.00 OK
r-oldrel-macos-arm64 2.3.3 59.00 OK
r-oldrel-windows-x86_64 2.3.3 11.00 92.00 103.00 OK

Additional issues

donttest

Check Details

Version: 2.3.3
Check: package dependencies
Result: NOTE Package suggested but not available for checking: ‘pageviews’ Flavors: r-devel-linux-x86_64-debian-clang, r-devel-linux-x86_64-debian-gcc, r-devel-linux-x86_64-fedora-clang, r-devel-linux-x86_64-fedora-gcc, r-patched-linux-x86_64, r-release-linux-x86_64

Version: 2.3.3
Check: Rd files
Result: NOTE checkRd: (-1) get_geo_box.Rd:37-38: Lost braces in \itemize; \value handles \item{}{} directly checkRd: (-1) get_geo_box.Rd:39-40: Lost braces in \itemize; \value handles \item{}{} directly checkRd: (-1) get_geo_box.Rd:41: Lost braces in \itemize; \value handles \item{}{} directly checkRd: (-1) get_geo_box.Rd:42: Lost braces in \itemize; \value handles \item{}{} directly checkRd: (-1) get_geo_box.Rd:43-44: Lost braces in \itemize; \value handles \item{}{} directly checkRd: (-1) get_geo_entity.Rd:27-28: Lost braces in \itemize; \value handles \item{}{} directly checkRd: (-1) get_geo_entity.Rd:29-30: Lost braces in \itemize; \value handles \item{}{} directly checkRd: (-1) get_geo_entity.Rd:31: Lost braces in \itemize; \value handles \item{}{} directly checkRd: (-1) get_geo_entity.Rd:32: Lost braces in \itemize; \value handles \item{}{} directly checkRd: (-1) get_geo_entity.Rd:33-34: Lost braces in \itemize; \value handles \item{}{} directly Flavors: r-devel-linux-x86_64-debian-clang, r-devel-linux-x86_64-debian-gcc, r-devel-linux-x86_64-fedora-clang, r-devel-linux-x86_64-fedora-gcc