CRAN Package Check Results for Package WorldFlora

Last updated on 2023-02-08 23:15:33 CET.

Flavor Version Tinstall Tcheck Ttotal Status Flags
r-devel-linux-x86_64-debian-clang 1.12 5.25 34.51 39.76 OK
r-devel-linux-x86_64-debian-gcc 1.12 3.90 26.83 30.73 OK
r-devel-linux-x86_64-fedora-clang 1.12 49.39 NOTE
r-devel-linux-x86_64-fedora-gcc 1.12 47.56 NOTE
r-devel-windows-x86_64 1.12 16.00 62.00 78.00 OK
r-patched-linux-x86_64 1.12 4.77 34.37 39.14 OK
r-release-linux-x86_64 1.12 4.17 34.46 38.63 OK
r-release-macos-arm64 1.12 19.00 OK
r-release-macos-x86_64 1.12 25.00 OK
r-release-windows-x86_64 1.12 20.00 66.00 86.00 OK
r-oldrel-macos-arm64 1.12 22.00 OK
r-oldrel-macos-x86_64 1.12 29.00 OK
r-oldrel-windows-ix86+x86_64 1.12 10.00 60.00 70.00 OK

Check Details

Version: 1.12
Check: data for non-ASCII characters
Result: NOTE
     Note: found 2 marked UTF-8 strings
Flavors: r-devel-linux-x86_64-fedora-clang, r-devel-linux-x86_64-fedora-gcc