CRAN Package Check Results for Package XLConnect

Last updated on 2022-01-28 23:00:56 CET.

Flavor Version Tinstall Tcheck Ttotal Status Flags
r-devel-linux-x86_64-debian-clang 1.0.5 10.57 169.27 179.84 OK
r-devel-linux-x86_64-debian-gcc 1.0.5 9.64 126.84 136.48 OK
r-devel-linux-x86_64-fedora-clang 1.0.5 202.66 NOTE
r-devel-linux-x86_64-fedora-gcc 1.0.5 205.03 OK
r-devel-windows-x86_64-new-UL 1.0.5 438.00 279.00 717.00 NOTE
r-devel-windows-x86_64-new-TK 1.0.5 OK
r-patched-linux-x86_64 1.0.5 13.61 156.85 170.46 OK
r-release-linux-x86_64 1.0.5 11.14 158.77 169.91 OK
r-release-macos-arm64 1.0.5 NOTE
r-release-macos-x86_64 1.0.5 NOTE
r-release-windows-ix86+x86_64 1.0.5 36.00 214.00 250.00 NOTE
r-oldrel-macos-x86_64 1.0.5 NOTE
r-oldrel-windows-ix86+x86_64 1.0.5 36.00 214.00 250.00 NOTE

Check Details

Version: 1.0.5
Check: installed package size
Result: NOTE
     installed size is 36.5Mb
     sub-directories of 1Mb or more:
     java 34.2Mb
Flavors: r-devel-linux-x86_64-fedora-clang, r-devel-windows-x86_64-new-UL, r-release-macos-arm64, r-release-macos-x86_64, r-release-windows-ix86+x86_64, r-oldrel-macos-x86_64, r-oldrel-windows-ix86+x86_64