Last updated on 2023-03-22 21:58:16 CET.
Flavor | Version | Tinstall | Tcheck | Ttotal | Status | Flags |
---|---|---|---|---|---|---|
r-devel-linux-x86_64-debian-clang | 3.99-0.14 | 27.33 | 95.21 | 122.54 | OK | |
r-devel-linux-x86_64-debian-gcc | 3.99-0.14 | 21.08 | 70.97 | 92.05 | OK | |
r-devel-linux-x86_64-fedora-clang | 3.99-0.14 | 162.63 | OK | |||
r-devel-linux-x86_64-fedora-gcc | 3.99-0.14 | 149.68 | OK | |||
r-devel-windows-x86_64 | 3.99-0.14 | 228.00 | 168.00 | 396.00 | NOTE | |
r-patched-linux-x86_64 | 3.99-0.14 | 28.24 | 87.63 | 115.87 | OK | |
r-release-linux-x86_64 | 3.99-0.13 | 25.50 | 87.98 | 113.48 | OK | |
r-release-macos-arm64 | 3.99-0.14 | 47.00 | OK | |||
r-release-macos-x86_64 | 3.99-0.14 | 82.00 | OK | |||
r-release-windows-x86_64 | 3.99-0.13 | 148.00 | 171.00 | 319.00 | NOTE | |
r-oldrel-macos-arm64 | 3.99-0.14 | 48.00 | OK | |||
r-oldrel-macos-x86_64 | 3.99-0.14 | 85.00 | OK | |||
r-oldrel-windows-ix86+x86_64 | 3.99-0.14 | 59.00 | 157.00 | 216.00 | NOTE |
Version: 3.99-0.14
Check: installed package size
Result: NOTE
installed size is 5.2Mb
sub-directories of 1Mb or more:
exampleData 1.3Mb
libs 2.2Mb
Flavors: r-devel-windows-x86_64, r-oldrel-windows-ix86+x86_64
Version: 3.99-0.13
Check: installed package size
Result: NOTE
installed size is 5.2Mb
sub-directories of 1Mb or more:
exampleData 1.3Mb
libs 2.2Mb
Flavor: r-release-windows-x86_64