CRAN Package Check Results for Package Xplortext

Last updated on 2022-01-25 22:57:14 CET.

Flavor Version Tinstall Tcheck Ttotal Status Flags
r-devel-linux-x86_64-debian-clang 1.4.1 21.97 139.37 161.34 OK
r-devel-linux-x86_64-debian-gcc 1.4.1 15.98 109.84 125.82 OK
r-devel-linux-x86_64-fedora-clang 1.4.1 186.55 NOTE
r-devel-linux-x86_64-fedora-gcc 1.4.1 186.61 NOTE
r-devel-windows-x86_64-new-UL 1.4.1 40.00 145.00 185.00 OK
r-devel-windows-x86_64-new-TK 1.4.1 ERROR
r-patched-linux-x86_64 1.4.1 19.16 128.59 147.75 OK
r-release-linux-x86_64 1.4.1 14.84 128.46 143.30 OK
r-release-macos-arm64 1.4.1 NOTE
r-release-macos-x86_64 1.4.1 NOTE
r-release-windows-ix86+x86_64 1.4.1 37.00 144.00 181.00 OK
r-oldrel-macos-x86_64 1.4.1 NOTE
r-oldrel-windows-ix86+x86_64 1.4.1 38.00 144.00 182.00 OK

Check Details

Version: 1.4.1
Check: dependencies in R code
Result: NOTE
    Namespace in Imports field not imported from: ‘ggdendro’
     All declared Imports should be used.
Flavors: r-devel-linux-x86_64-fedora-clang, r-devel-linux-x86_64-fedora-gcc, r-release-macos-arm64, r-release-macos-x86_64, r-oldrel-macos-x86_64

Version: 1.4.1
Check: package dependencies
Result: ERROR
    Package required but not available: 'FactoMineR'
    
    See section 'The DESCRIPTION file' in the 'Writing R Extensions'
    manual.
Flavor: r-devel-windows-x86_64-new-TK