CRAN Package Check Results for Package YPBP

Last updated on 2022-01-28 23:00:57 CET.

Flavor Version Tinstall Tcheck Ttotal Status Flags
r-devel-linux-x86_64-debian-clang 0.0.1 228.12 165.99 394.11 NOTE
r-devel-linux-x86_64-debian-gcc 0.0.1 193.38 134.71 328.09 NOTE
r-devel-linux-x86_64-fedora-clang 0.0.1 541.23 NOTE
r-devel-linux-x86_64-fedora-gcc 0.0.1 599.54 NOTE
r-devel-windows-x86_64-new-UL 0.0.1 177.00 217.00 394.00 NOTE
r-devel-windows-x86_64-new-TK 0.0.1 WARN
r-patched-linux-x86_64 0.0.1 169.66 161.64 331.30 NOTE
r-release-linux-x86_64 0.0.1 222.98 160.31 383.29 NOTE
r-release-macos-arm64 0.0.1 NOTE
r-release-macos-x86_64 0.0.1 NOTE
r-release-windows-ix86+x86_64 0.0.1 187.00 8.00 195.00 ERROR
r-oldrel-macos-x86_64 0.0.1 NOTE
r-oldrel-windows-ix86+x86_64 0.0.1 355.00 8.00 363.00 ERROR

Check Details

Version: 0.0.1
Check: for GNU extensions in Makefiles
Result: NOTE
    GNU make is a SystemRequirements.
Flavors: r-devel-linux-x86_64-debian-clang, r-devel-linux-x86_64-debian-gcc, r-devel-linux-x86_64-fedora-clang, r-devel-linux-x86_64-fedora-gcc, r-devel-windows-x86_64-new-UL, r-devel-windows-x86_64-new-TK, r-patched-linux-x86_64, r-release-linux-x86_64, r-release-macos-arm64, r-release-macos-x86_64, r-oldrel-macos-x86_64

Version: 0.0.1
Check: installed package size
Result: NOTE
     installed size is 35.8Mb
     sub-directories of 1Mb or more:
     libs 35.4Mb
Flavors: r-devel-linux-x86_64-fedora-clang, r-release-macos-arm64, r-release-macos-x86_64, r-oldrel-macos-x86_64

Version: 0.0.1
Check: dependencies in R code
Result: NOTE
    Namespace in Imports field not imported from: ‘rstantools’
     All declared Imports should be used.
Flavors: r-devel-linux-x86_64-fedora-clang, r-devel-linux-x86_64-fedora-gcc, r-devel-windows-x86_64-new-TK, r-release-macos-arm64, r-release-macos-x86_64, r-oldrel-macos-x86_64

Version: 0.0.1
Check: line endings in C/C++/Fortran sources/headers
Result: NOTE
    Found the following sources/headers with CR or CRLF line endings:
     src/RcppExports.cpp
     src/stanExports_ypbp.h
     src/stanExports_ypbp2.h
    Some Unix compilers require LF line endings.
Flavor: r-devel-windows-x86_64-new-TK

Version: 0.0.1
Check: line endings in Makefiles
Result: WARN
    Found the following Makefile(s) with CR or CRLF line endings:
     src/Makevars
    Some Unix 'make' programs require LF line endings.
Flavor: r-devel-windows-x86_64-new-TK

Version: 0.0.1
Check: whether package can be installed
Result: ERROR
    Installation failed.
Flavors: r-release-windows-ix86+x86_64, r-oldrel-windows-ix86+x86_64