CRAN Package Check Results for Package YPBP

Last updated on 2024-02-26 23:03:56 CET.

Flavor Version Tinstall Tcheck Ttotal Status Flags
r-devel-linux-x86_64-debian-clang 0.0.1 294.24 209.74 503.98 NOTE
r-devel-linux-x86_64-debian-gcc 0.0.1 258.83 170.92 429.75 NOTE
r-devel-linux-x86_64-fedora-clang 0.0.1 617.76 NOTE
r-devel-linux-x86_64-fedora-gcc 0.0.1 746.87 NOTE
r-devel-windows-x86_64 0.0.1 218.00 207.00 425.00 NOTE
r-patched-linux-x86_64 0.0.1 260.07 226.13 486.20 NOTE
r-release-linux-x86_64 0.0.1 240.84 221.72 462.56 NOTE
r-release-macos-arm64 0.0.1 164.00 NOTE
r-release-macos-x86_64 0.0.1 251.00 NOTE
r-release-windows-x86_64 0.0.1 281.00 229.00 510.00 NOTE
r-oldrel-macos-arm64 0.0.1 127.00 NOTE
r-oldrel-windows-x86_64 0.0.1 259.00 361.00 620.00 NOTE

Check Details

Version: 0.0.1
Check: for GNU extensions in Makefiles
Result: NOTE GNU make is a SystemRequirements. Flavors: r-devel-linux-x86_64-debian-clang, r-devel-linux-x86_64-debian-gcc, r-devel-linux-x86_64-fedora-clang, r-devel-linux-x86_64-fedora-gcc, r-devel-windows-x86_64, r-patched-linux-x86_64, r-release-linux-x86_64, r-release-macos-arm64, r-release-macos-x86_64, r-release-windows-x86_64, r-oldrel-macos-arm64, r-oldrel-windows-x86_64

Version: 0.0.1
Check: dependencies in R code
Result: NOTE Namespace in Imports field not imported from: ‘rstantools’ All declared Imports should be used. Flavors: r-devel-linux-x86_64-fedora-clang, r-devel-linux-x86_64-fedora-gcc, r-oldrel-macos-arm64

Version: 0.0.1
Check: installed package size
Result: NOTE installed size is 45.0Mb sub-directories of 1Mb or more: libs 44.7Mb Flavors: r-release-macos-arm64, r-release-macos-x86_64, r-oldrel-macos-arm64