CRAN Package Check Results for Package YRmisc

Last updated on 2022-01-16 22:51:31 CET.

Flavor Version Tinstall Tcheck Ttotal Status Flags
r-devel-linux-x86_64-debian-clang 0.1.6 5.76 79.76 85.52 NOTE
r-devel-linux-x86_64-debian-gcc 0.1.6 4.62 64.10 68.72 NOTE
r-devel-linux-x86_64-fedora-clang 0.1.6 102.99 NOTE
r-devel-linux-x86_64-fedora-gcc 0.1.6 88.12 NOTE
r-devel-windows-x86_64-new-UL 0.1.6 70.00 118.00 188.00 NOTE
r-devel-windows-x86_64-new-TK 0.1.6 NOTE
r-patched-linux-x86_64 0.1.6 5.21 73.42 78.63 NOTE
r-release-linux-x86_64 0.1.6 NOTE
r-release-macos-arm64 0.1.6 NOTE
r-release-macos-x86_64 0.1.6 NOTE
r-release-windows-ix86+x86_64 0.1.6 15.00 101.00 116.00 ERROR
r-oldrel-macos-x86_64 0.1.6 OK
r-oldrel-windows-ix86+x86_64 0.1.6 15.00 107.00 122.00 ERROR

Check Details

Version: 0.1.6
Check: LazyData
Result: NOTE
     'LazyData' is specified without a 'data' directory
Flavors: r-devel-linux-x86_64-debian-clang, r-devel-linux-x86_64-debian-gcc, r-devel-linux-x86_64-fedora-clang, r-devel-linux-x86_64-fedora-gcc, r-devel-windows-x86_64-new-UL, r-devel-windows-x86_64-new-TK, r-patched-linux-x86_64, r-release-linux-x86_64, r-release-macos-arm64, r-release-macos-x86_64, r-release-windows-ix86+x86_64

Version: 0.1.6
Check: examples
Result: ERROR
    Running examples in 'YRmisc-Ex.R' failed
    The error most likely occurred in:
    
    > ### Name: xd.fred
    > ### Title: Download data from Federal Reserve Bank of St. Louis
    > ### Aliases: xd.fred
    >
    > ### ** Examples
    >
    > cpi <- xd.fred("CPIAUCSL") # CPI data
    Warning in file(file, "rt") :
     InternetOpenUrl failed: 'Die Serververbindung konnte nicht hergestellt werden.'
    Error in file(file, "rt") : cannot open the connection
    Calls: xd.fred -> read.csv -> read.table -> file
    Execution halted
Flavors: r-release-windows-ix86+x86_64, r-oldrel-windows-ix86+x86_64