Last updated on 2023-03-25 22:55:46 CET.
Flavor | Version | Tinstall | Tcheck | Ttotal | Status | Flags |
---|---|---|---|---|---|---|
r-devel-linux-x86_64-debian-clang | 1.0.1 | 17.62 | 219.98 | 237.60 | OK | |
r-devel-linux-x86_64-debian-gcc | 1.0.1 | 13.68 | 172.89 | 186.57 | OK | |
r-devel-linux-x86_64-fedora-gcc | 1.0.1 | 306.76 | NOTE | |||
r-devel-windows-x86_64 | 1.0.1 | 26.00 | 259.00 | 285.00 | OK | |
r-patched-linux-x86_64 | 1.0.1 | 14.27 | 219.09 | 233.36 | OK | |
r-release-linux-x86_64 | 1.0.1 | 12.94 | 214.20 | 227.14 | OK | |
r-release-macos-arm64 | 1.0.1 | 107.00 | NOTE | |||
r-release-macos-x86_64 | 1.0.1 | 111.00 | NOTE | |||
r-release-windows-x86_64 | 1.0.1 | 31.00 | 287.00 | 318.00 | OK | |
r-oldrel-macos-arm64 | 1.0.1 | 94.00 | NOTE | |||
r-oldrel-macos-x86_64 | 1.0.1 | 106.00 | NOTE | |||
r-oldrel-windows-ix86+x86_64 | 1.0.1 | 36.00 | 249.00 | 285.00 | OK |
Version: 1.0.1
Check: dependencies in R code
Result: NOTE
Namespace in Imports field not imported from: ‘dplyr’
All declared Imports should be used.
Flavors: r-devel-linux-x86_64-fedora-gcc, r-release-macos-arm64, r-release-macos-x86_64, r-oldrel-macos-arm64, r-oldrel-macos-x86_64