CRAN Package Check Results for Package aLFQ

Last updated on 2023-03-24 22:55:03 CET.

Flavor Version Tinstall Tcheck Ttotal Status Flags
r-devel-linux-x86_64-debian-clang 1.3.6 16.92 168.27 185.19 NOTE
r-devel-linux-x86_64-debian-gcc 1.3.6 15.87 122.91 138.78 NOTE
r-devel-linux-x86_64-fedora-clang 1.3.6 248.36 NOTE
r-devel-linux-x86_64-fedora-gcc 1.3.6 225.62 NOTE
r-devel-windows-x86_64 1.3.6 32.00 188.00 220.00 NOTE
r-patched-linux-x86_64 1.3.6 16.27 149.18 165.45 OK
r-release-linux-x86_64 1.3.6 13.90 149.00 162.90 OK
r-release-macos-arm64 1.3.6 54.00 OK
r-release-macos-x86_64 1.3.6 96.00 OK
r-release-windows-x86_64 1.3.6 35.00 185.00 220.00 OK
r-oldrel-macos-arm64 1.3.6 56.00 OK
r-oldrel-macos-x86_64 1.3.6 111.00 OK
r-oldrel-windows-ix86+x86_64 1.3.6 41.00 168.00 209.00 OK

Check Details

Version: 1.3.6
Check: Rd files
Result: NOTE
    checkRd: (-1) ALF.Rd:47: Escaped LaTeX specials: \&
Flavors: r-devel-linux-x86_64-debian-clang, r-devel-linux-x86_64-debian-gcc, r-devel-linux-x86_64-fedora-clang, r-devel-linux-x86_64-fedora-gcc, r-devel-windows-x86_64