Last updated on 2023-03-23 22:52:25 CET.
Flavor | Version | Tinstall | Tcheck | Ttotal | Status | Flags |
---|---|---|---|---|---|---|
r-devel-linux-x86_64-debian-clang | 1.1.2 | 5.14 | 37.40 | 42.54 | OK | |
r-devel-linux-x86_64-debian-gcc | 1.1.2 | 5.16 | 28.92 | 34.08 | OK | |
r-devel-linux-x86_64-fedora-clang | 1.1.2 | 56.63 | NOTE | |||
r-devel-linux-x86_64-fedora-gcc | 1.1.2 | 51.99 | NOTE | |||
r-devel-windows-x86_64 | 1.1.2 | 35.00 | 70.00 | 105.00 | OK | |
r-patched-linux-x86_64 | 1.1.2 | 5.33 | 38.08 | 43.41 | OK | |
r-release-linux-x86_64 | 1.1.2 | 4.26 | 37.55 | 41.81 | OK | |
r-release-macos-arm64 | 1.1.2 | 17.00 | NOTE | |||
r-release-macos-x86_64 | 1.1.2 | 36.00 | NOTE | |||
r-release-windows-x86_64 | 1.1.2 | 42.00 | 63.00 | 105.00 | OK | |
r-oldrel-macos-arm64 | 1.1.2 | 19.00 | NOTE | |||
r-oldrel-macos-x86_64 | 1.1.2 | 27.00 | NOTE | |||
r-oldrel-windows-ix86+x86_64 | 1.1.2 | 15.00 | 62.00 | 77.00 | OK |
Version: 1.1.2
Check: dependencies in R code
Result: NOTE
Namespaces in Imports field not imported from:
‘devtools’ ‘dplyr’ ‘gridExtra’
All declared Imports should be used.
Flavors: r-devel-linux-x86_64-fedora-clang, r-devel-linux-x86_64-fedora-gcc, r-release-macos-arm64, r-release-macos-x86_64, r-oldrel-macos-arm64, r-oldrel-macos-x86_64