CRAN Package Check Results for Package abbyyR

Last updated on 2021-12-02 22:55:44 CET.

Flavor Version Tinstall Tcheck Ttotal Status Flags
r-devel-linux-x86_64-debian-clang 0.5.5 6.17 50.84 57.01 NOTE
r-devel-linux-x86_64-debian-gcc 0.5.5 4.76 39.97 44.73 NOTE
r-devel-linux-x86_64-fedora-clang 0.5.5 80.57 NOTE
r-devel-linux-x86_64-fedora-gcc 0.5.5 69.19 NOTE
r-devel-windows-x86_64-new-UL 0.5.5 16.00 106.00 122.00 NOTE
r-devel-windows-x86_64-new-TK 0.5.5 NOTE
r-devel-windows-x86_64-old 0.5.5 10.00 62.00 72.00 NOTE
r-patched-linux-x86_64 0.5.5 3.84 49.27 53.11 NOTE
r-patched-solaris-x86 0.5.5 102.70 NOTE
r-release-linux-x86_64 0.5.5 5.52 49.57 55.09 NOTE
r-release-macos-arm64 0.5.5 NOTE
r-release-macos-x86_64 0.5.5 NOTE
r-release-windows-ix86+x86_64 0.5.5 13.00 81.00 94.00 NOTE
r-oldrel-macos-x86_64 0.5.5 OK
r-oldrel-windows-ix86+x86_64 0.5.5 14.00 80.00 94.00 OK

Check Details

Version: 0.5.5
Check: LazyData
Result: NOTE
     'LazyData' is specified without a 'data' directory
Flavors: r-devel-linux-x86_64-debian-clang, r-devel-linux-x86_64-debian-gcc, r-devel-linux-x86_64-fedora-clang, r-devel-linux-x86_64-fedora-gcc, r-devel-windows-x86_64-new-UL, r-devel-windows-x86_64-new-TK, r-devel-windows-x86_64-old, r-patched-linux-x86_64, r-patched-solaris-x86, r-release-linux-x86_64, r-release-macos-arm64, r-release-macos-x86_64, r-release-windows-ix86+x86_64