CRAN Package Check Results for Package abess

Last updated on 2022-01-21 23:01:42 CET.

Flavor Version Tinstall Tcheck Ttotal Status Flags
r-devel-linux-x86_64-debian-clang 0.4.0 229.04 96.49 325.53 OK
r-devel-linux-x86_64-debian-gcc 0.4.0 179.26 77.97 257.23 OK
r-devel-linux-x86_64-fedora-clang 0.4.0 475.70 NOTE
r-devel-linux-x86_64-fedora-gcc 0.4.0 468.71 OK
r-devel-windows-x86_64-new-UL 0.4.0 176.00 173.00 349.00 OK
r-devel-windows-x86_64-new-TK 0.4.0 OK
r-patched-linux-x86_64 0.4.0 198.77 102.72 301.49 OK
r-release-linux-x86_64 0.4.0 205.04 101.11 306.15 OK
r-release-macos-arm64 0.4.0 NOTE
r-release-macos-x86_64 0.4.0 NOTE
r-release-windows-ix86+x86_64 0.4.0 440.00 162.00 602.00 NOTE
r-oldrel-macos-x86_64 0.4.0 NOTE
r-oldrel-windows-ix86+x86_64 0.4.0 444.00 165.00 609.00 NOTE

Check Details

Version: 0.4.0
Check: installed package size
Result: NOTE
     installed size is 74.1Mb
     sub-directories of 1Mb or more:
     libs 73.1Mb
Flavors: r-devel-linux-x86_64-fedora-clang, r-release-macos-arm64, r-release-macos-x86_64, r-release-windows-ix86+x86_64, r-oldrel-macos-x86_64, r-oldrel-windows-ix86+x86_64