Last updated on 2023-05-29 23:03:38 CEST.
Flavor | Version | Tinstall | Tcheck | Ttotal | Status | Flags |
---|---|---|---|---|---|---|
r-devel-linux-x86_64-debian-clang | 0.4.1 | 3.62 | 62.12 | 65.74 | OK | |
r-devel-linux-x86_64-debian-gcc | 0.4.1 | 2.29 | 47.11 | 49.40 | OK | |
r-devel-linux-x86_64-fedora-clang | 0.4.1 | 83.29 | NOTE | |||
r-devel-linux-x86_64-fedora-gcc | 0.4.1 | 102.74 | NOTE | |||
r-devel-windows-x86_64 | 0.4.1 | 6.00 | 75.00 | 81.00 | OK | |
r-patched-linux-x86_64 | 0.4.1 | 3.84 | 59.71 | 63.55 | OK | |
r-release-linux-x86_64 | 0.4.1 | 2.27 | 59.90 | 62.17 | OK | |
r-release-macos-arm64 | 0.4.1 | 51.00 | OK | |||
r-release-macos-x86_64 | 0.4.1 | 59.00 | OK | |||
r-release-windows-x86_64 | 0.4.1 | 6.00 | 83.00 | 89.00 | OK | |
r-oldrel-macos-arm64 | 0.4.1 | 34.00 | NOTE | |||
r-oldrel-macos-x86_64 | 0.4.1 | 58.00 | NOTE | |||
r-oldrel-windows-x86_64 | 0.4.1 | 6.00 | 85.00 | 91.00 | OK |
Version: 0.4.1
Check: dependencies in R code
Result: NOTE
Namespace in Imports field not imported from: ‘tibble’
All declared Imports should be used.
Flavors: r-devel-linux-x86_64-fedora-clang, r-devel-linux-x86_64-fedora-gcc, r-oldrel-macos-arm64, r-oldrel-macos-x86_64