CRAN Package Check Results for Package acfMPeriod

Last updated on 2022-01-15 21:52:03 CET.

Flavor Version Tinstall Tcheck Ttotal Status Flags
r-devel-linux-x86_64-debian-clang 1.0.0 2.32 34.30 36.62 NOTE
r-devel-linux-x86_64-debian-gcc 1.0.0 2.02 26.88 28.90 NOTE
r-devel-linux-x86_64-fedora-clang 1.0.0 46.33 NOTE
r-devel-linux-x86_64-fedora-gcc 1.0.0 35.29 NOTE
r-devel-windows-x86_64-new-UL 1.0.0 34.00 52.00 86.00 NOTE
r-devel-windows-x86_64-new-TK 1.0.0 NOTE
r-patched-linux-x86_64 1.0.0 2.48 33.35 35.83 NOTE
r-release-linux-x86_64 1.0.0 2.12 33.26 35.38 NOTE
r-release-macos-arm64 1.0.0 NOTE
r-release-macos-x86_64 1.0.0 NOTE
r-release-windows-ix86+x86_64 1.0.0 6.00 41.00 47.00 NOTE
r-oldrel-macos-x86_64 1.0.0 OK
r-oldrel-windows-ix86+x86_64 1.0.0 6.00 42.00 48.00 OK

Check Details

Version: 1.0.0
Check: LazyData
Result: NOTE
     'LazyData' is specified without a 'data' directory
Flavors: r-devel-linux-x86_64-debian-clang, r-devel-linux-x86_64-debian-gcc, r-devel-linux-x86_64-fedora-clang, r-devel-linux-x86_64-fedora-gcc, r-devel-windows-x86_64-new-UL, r-devel-windows-x86_64-new-TK, r-patched-linux-x86_64, r-release-linux-x86_64, r-release-macos-arm64, r-release-macos-x86_64, r-release-windows-ix86+x86_64