CRAN Package Check Results for Package acs

Last updated on 2021-12-07 22:59:22 CET.

Flavor Version Tinstall Tcheck Ttotal Status Flags
r-devel-linux-x86_64-debian-clang 2.1.4 10.72 60.64 71.36 OK
r-devel-linux-x86_64-debian-gcc 2.1.4 8.36 47.19 55.55 OK
r-devel-linux-x86_64-fedora-clang 2.1.4 87.81 NOTE
r-devel-linux-x86_64-fedora-gcc 2.1.4 78.89 NOTE
r-devel-windows-x86_64-new-UL 2.1.4 26.00 93.00 119.00 OK
r-devel-windows-x86_64-new-TK 2.1.4 OK
r-devel-windows-x86_64-old 2.1.4 17.00 75.00 92.00 OK
r-patched-linux-x86_64 2.1.4 10.86 59.02 69.88 OK
r-release-linux-x86_64 2.1.4 9.58 58.94 68.52 OK
r-release-macos-arm64 2.1.4 OK
r-release-macos-x86_64 2.1.4 OK
r-release-windows-ix86+x86_64 2.1.4 14.00 75.00 89.00 OK
r-oldrel-macos-x86_64 2.1.4 OK
r-oldrel-windows-ix86+x86_64 2.1.4 19.00 76.00 95.00 OK

Check Details

Version: 2.1.4
Check: top-level files
Result: NOTE
    ‘configure’: /bin/bash is not portable
Flavors: r-devel-linux-x86_64-fedora-clang, r-devel-linux-x86_64-fedora-gcc