CRAN Package Check Results for Package actel

Last updated on 2023-03-31 22:59:24 CEST.

Flavor Version Tinstall Tcheck Ttotal Status Flags
r-devel-linux-x86_64-debian-clang 1.2.1 16.68 210.20 226.88 NOTE
r-devel-linux-x86_64-debian-gcc 1.2.1 17.69 154.58 172.27 NOTE
r-devel-linux-x86_64-fedora-clang 1.2.1 281.62 NOTE
r-devel-linux-x86_64-fedora-gcc 1.2.1 280.65 NOTE
r-devel-windows-x86_64 1.2.1 147.00 303.00 450.00 OK
r-patched-linux-x86_64 1.2.1 26.53 198.77 225.30 NOTE
r-release-linux-x86_64 1.2.1 15.50 208.10 223.60 NOTE
r-release-macos-arm64 1.2.1 77.00 NOTE
r-release-macos-x86_64 1.2.1 136.00 NOTE
r-release-windows-x86_64 1.2.1 92.00 283.00 375.00 OK
r-oldrel-macos-arm64 1.2.1 98.00 NOTE
r-oldrel-macos-x86_64 1.2.1 140.00 NOTE
r-oldrel-windows-ix86+x86_64 1.2.1 47.00 252.00 299.00 NOTE

Check Details

Version: 1.2.1
Check: package dependencies
Result: NOTE
    Packages suggested but not available for checking:
     'RGtk2', 'gWidgets2RGtk2'
Flavors: r-devel-linux-x86_64-debian-clang, r-devel-linux-x86_64-debian-gcc, r-devel-linux-x86_64-fedora-clang, r-devel-linux-x86_64-fedora-gcc, r-patched-linux-x86_64, r-release-linux-x86_64, r-release-macos-arm64, r-release-macos-x86_64, r-oldrel-macos-arm64

Version: 1.2.1
Check: installed package size
Result: NOTE
     installed size is 5.0Mb
     sub-directories of 1Mb or more:
     doc 3.7Mb
Flavors: r-devel-linux-x86_64-fedora-clang, r-release-macos-arm64, r-release-macos-x86_64, r-oldrel-macos-arm64, r-oldrel-macos-x86_64

Version: 1.2.1
Check: dependencies in R code
Result: NOTE
    Namespace in Imports field not imported from: ‘svglite’
     All declared Imports should be used.
Flavors: r-devel-linux-x86_64-fedora-clang, r-devel-linux-x86_64-fedora-gcc, r-release-macos-arm64, r-release-macos-x86_64, r-oldrel-macos-arm64, r-oldrel-macos-x86_64

Version: 1.2.1
Check: dependencies in R code
Result: NOTE
    Initiating curl with CURL_SSL_BACKEND: openssl
Flavor: r-oldrel-windows-ix86+x86_64