Last updated on 2022-05-28 22:55:02 CEST.
Flavor | Version | Tinstall | Tcheck | Ttotal | Status | Flags |
---|---|---|---|---|---|---|
r-devel-linux-x86_64-debian-clang | 1.1.1 | 3.37 | 44.62 | 47.99 | NOTE | |
r-devel-linux-x86_64-debian-gcc | 1.1.1 | 2.55 | 33.80 | 36.35 | NOTE | |
r-devel-linux-x86_64-fedora-clang | 1.1.1 | 56.40 | NOTE | |||
r-devel-linux-x86_64-fedora-gcc | 1.1.1 | 55.74 | NOTE | |||
r-devel-windows-x86_64 | 1.1.1 | 17.00 | 74.00 | 91.00 | NOTE | |
r-patched-linux-x86_64 | 1.1.1 | 2.50 | 43.16 | 45.66 | NOTE | |
r-release-linux-x86_64 | 1.1.1 | 3.23 | 42.97 | 46.20 | NOTE | |
r-release-macos-arm64 | 1.1.1 | 20.00 | NOTE | |||
r-release-macos-x86_64 | 1.1.1 | 26.00 | NOTE | |||
r-release-windows-x86_64 | 1.1.1 | 27.00 | 69.00 | 96.00 | NOTE | |
r-oldrel-macos-arm64 | 1.1.1 | 26.00 | NOTE | |||
r-oldrel-macos-x86_64 | 1.1.1 | 33.00 | NOTE | |||
r-oldrel-windows-ix86+x86_64 | 1.1.1 | 8.00 | 57.00 | 65.00 | NOTE |
Version: 1.1.1
Check: LazyData
Result: NOTE
'LazyData' is specified without a 'data' directory
Flavors: r-devel-linux-x86_64-debian-clang, r-devel-linux-x86_64-debian-gcc, r-devel-linux-x86_64-fedora-clang, r-devel-linux-x86_64-fedora-gcc, r-devel-windows-x86_64, r-patched-linux-x86_64, r-release-linux-x86_64, r-release-macos-arm64, r-release-macos-x86_64, r-release-windows-x86_64, r-oldrel-macos-arm64, r-oldrel-macos-x86_64, r-oldrel-windows-ix86+x86_64