CRAN Package Check Results for Package adamethods

Last updated on 2021-11-28 22:51:07 CET.

Flavor Version Tinstall Tcheck Ttotal Status Flags
r-devel-linux-x86_64-debian-clang 1.2.1 NOTE
r-devel-linux-x86_64-debian-gcc 1.2.1 13.76 105.64 119.40 NOTE
r-devel-linux-x86_64-fedora-clang 1.2.1 201.54 NOTE
r-devel-linux-x86_64-fedora-gcc 1.2.1 185.47 NOTE
r-devel-windows-x86_64-new-UL 1.2.1 38.00 191.00 229.00 NOTE
r-devel-windows-x86_64-new-TK 1.2.1 NOTE
r-devel-windows-x86_64-old 1.2.1 23.00 176.00 199.00 NOTE
r-patched-linux-x86_64 1.2.1 16.83 130.46 147.29 NOTE
r-patched-solaris-x86 1.2.1 249.50 NOTE
r-release-linux-x86_64 1.2.1 15.51 130.75 146.26 NOTE
r-release-macos-arm64 1.2.1 NOTE
r-release-macos-x86_64 1.2.1 NOTE
r-release-windows-ix86+x86_64 1.2.1 40.00 162.00 202.00 NOTE
r-oldrel-macos-x86_64 1.2.1 OK
r-oldrel-windows-ix86+x86_64 1.2.1 40.00 185.00 225.00 OK

Check Details

Version: 1.2.1
Check: LazyData
Result: NOTE
     'LazyData' is specified without a 'data' directory
Flavors: r-devel-linux-x86_64-debian-clang, r-devel-linux-x86_64-debian-gcc, r-devel-linux-x86_64-fedora-clang, r-devel-linux-x86_64-fedora-gcc, r-devel-windows-x86_64-new-UL, r-devel-windows-x86_64-new-TK, r-devel-windows-x86_64-old, r-patched-linux-x86_64, r-patched-solaris-x86, r-release-linux-x86_64, r-release-macos-arm64, r-release-macos-x86_64, r-release-windows-ix86+x86_64