CRAN Package Check Results for Package adaptMCMC

Last updated on 2022-01-25 22:56:49 CET.

Flavor Version Tinstall Tcheck Ttotal Status Flags
r-devel-linux-x86_64-debian-clang 1.4 7.56 69.79 77.35 OK
r-devel-linux-x86_64-debian-gcc 1.4 5.38 60.46 65.84 OK
r-devel-linux-x86_64-fedora-clang 1.4 88.53 NOTE
r-devel-linux-x86_64-fedora-gcc 1.4 86.81 OK
r-devel-windows-x86_64-new-UL 1.4 27.00 87.00 114.00 OK
r-devel-windows-x86_64-new-TK 1.4 OK
r-patched-linux-x86_64 1.4 6.72 65.63 72.35 OK
r-release-linux-x86_64 1.4 5.52 65.77 71.29 OK
r-release-macos-arm64 1.4 OK
r-release-macos-x86_64 1.4 OK
r-release-windows-ix86+x86_64 1.4 15.00 81.00 96.00 OK
r-oldrel-macos-x86_64 1.4 OK
r-oldrel-windows-ix86+x86_64 1.4 15.00 84.00 99.00 OK

Check Details

Version: 1.4
Check: Rd cross-references
Result: NOTE
    Undeclared packages ‘HI’, ‘MHadaptive’ in Rd xrefs
Flavor: r-devel-linux-x86_64-fedora-clang