CRAN Package Check Results for Package addinslist

Last updated on 2021-12-02 22:55:44 CET.

Flavor Version Tinstall Tcheck Ttotal Status Flags
r-devel-linux-x86_64-debian-clang 0.4.0 3.90 33.11 37.01 NOTE
r-devel-linux-x86_64-debian-gcc 0.4.0 2.94 26.01 28.95 NOTE
r-devel-linux-x86_64-fedora-clang 0.4.0 58.62 NOTE
r-devel-linux-x86_64-fedora-gcc 0.4.0 47.21 NOTE
r-devel-windows-x86_64-new-UL 0.4.0 10.00 79.00 89.00 NOTE
r-devel-windows-x86_64-new-TK 0.4.0 NOTE
r-devel-windows-x86_64-old 0.4.0 8.00 42.00 50.00 NOTE
r-patched-linux-x86_64 0.4.0 3.76 31.90 35.66 NOTE
r-patched-solaris-x86 0.4.0 73.60 NOTE
r-release-linux-x86_64 0.4.0 3.64 31.46 35.10 NOTE
r-release-macos-arm64 0.4.0 NOTE
r-release-macos-x86_64 0.4.0 NOTE
r-release-windows-ix86+x86_64 0.4.0 10.00 55.00 65.00 NOTE
r-oldrel-macos-x86_64 0.4.0 OK
r-oldrel-windows-ix86+x86_64 0.4.0 11.00 56.00 67.00 OK

Check Details

Version: 0.4.0
Check: LazyData
Result: NOTE
     'LazyData' is specified without a 'data' directory
Flavors: r-devel-linux-x86_64-debian-clang, r-devel-linux-x86_64-debian-gcc, r-devel-linux-x86_64-fedora-clang, r-devel-linux-x86_64-fedora-gcc, r-devel-windows-x86_64-new-UL, r-devel-windows-x86_64-new-TK, r-devel-windows-x86_64-old, r-patched-linux-x86_64, r-patched-solaris-x86, r-release-linux-x86_64, r-release-macos-arm64, r-release-macos-x86_64, r-release-windows-ix86+x86_64