Last updated on 2022-05-28 22:55:02 CEST.
Flavor | Version | Tinstall | Tcheck | Ttotal | Status | Flags |
---|---|---|---|---|---|---|
r-devel-linux-x86_64-debian-clang | 0.3.2 | 10.13 | 83.68 | 93.81 | OK | |
r-devel-linux-x86_64-debian-gcc | 0.3.2 | 7.56 | 62.69 | 70.25 | OK | |
r-devel-linux-x86_64-fedora-clang | 0.3.2 | 115.90 | NOTE | |||
r-devel-linux-x86_64-fedora-gcc | 0.3.2 | 112.44 | NOTE | |||
r-devel-windows-x86_64 | 0.3.2 | 105.00 | 102.00 | 207.00 | OK | |
r-patched-linux-x86_64 | 0.3.2 | 9.70 | 76.61 | 86.31 | OK | |
r-release-linux-x86_64 | 0.3.2 | 8.83 | 79.02 | 87.85 | OK | |
r-release-macos-arm64 | 0.3.2 | 29.00 | NOTE | |||
r-release-macos-x86_64 | 0.3.2 | 63.00 | NOTE | |||
r-release-windows-x86_64 | 0.3.2 | 96.00 | 107.00 | 203.00 | OK | |
r-oldrel-macos-arm64 | 0.3.2 | 29.00 | NOTE | |||
r-oldrel-macos-x86_64 | 0.3.2 | 46.00 | NOTE | |||
r-oldrel-windows-ix86+x86_64 | 0.3.2 | 21.00 | 92.00 | 113.00 | OK |
Version: 0.3.2
Check: dependencies in R code
Result: NOTE
Namespace in Imports field not imported from: ‘tibble’
All declared Imports should be used.
Flavors: r-devel-linux-x86_64-fedora-clang, r-devel-linux-x86_64-fedora-gcc, r-release-macos-arm64, r-release-macos-x86_64, r-oldrel-macos-arm64, r-oldrel-macos-x86_64