CRAN Package Check Results for Package adpss

Last updated on 2021-12-01 22:53:03 CET.

Flavor Version Tinstall Tcheck Ttotal Status Flags
r-devel-linux-x86_64-debian-clang 0.1.1 26.67 41.45 68.12 NOTE
r-devel-linux-x86_64-debian-gcc 0.1.1 19.14 31.06 50.20 NOTE
r-devel-linux-x86_64-fedora-clang 0.1.1 106.70 NOTE
r-devel-linux-x86_64-fedora-gcc 0.1.1 89.11 NOTE
r-devel-windows-x86_64-new-UL 0.1.1 38.00 117.00 155.00 NOTE
r-devel-windows-x86_64-new-TK 0.1.1 NOTE
r-devel-windows-x86_64-old 0.1.1 35.00 71.00 106.00 NOTE
r-patched-linux-x86_64 0.1.1 23.79 39.99 63.78 NOTE
r-patched-solaris-x86 0.1.1 98.10 NOTE
r-release-linux-x86_64 0.1.1 23.32 39.71 63.03 NOTE
r-release-macos-arm64 0.1.1 NOTE
r-release-macos-x86_64 0.1.1 NOTE
r-release-windows-ix86+x86_64 0.1.1 67.00 105.00 172.00 NOTE
r-oldrel-macos-x86_64 0.1.1 OK
r-oldrel-windows-ix86+x86_64 0.1.1 68.00 107.00 175.00 OK

Check Details

Version: 0.1.1
Check: LazyData
Result: NOTE
     'LazyData' is specified without a 'data' directory
Flavors: r-devel-linux-x86_64-debian-clang, r-devel-linux-x86_64-debian-gcc, r-devel-linux-x86_64-fedora-clang, r-devel-linux-x86_64-fedora-gcc, r-devel-windows-x86_64-new-UL, r-devel-windows-x86_64-new-TK, r-devel-windows-x86_64-old, r-patched-linux-x86_64, r-patched-solaris-x86, r-release-linux-x86_64, r-release-macos-arm64, r-release-macos-x86_64, r-release-windows-ix86+x86_64