CRAN Package Check Results for Package adwordsR

Last updated on 2023-05-28 22:00:04 CEST.

Flavor Version Tinstall Tcheck Ttotal Status Flags
r-devel-linux-x86_64-debian-clang 0.3.1 2.59 24.26 26.85 NOTE
r-devel-linux-x86_64-debian-gcc 0.3.1 1.94 19.62 21.56 NOTE
r-devel-linux-x86_64-fedora-clang 0.3.1 35.00 NOTE
r-devel-linux-x86_64-fedora-gcc 0.3.1 36.75 NOTE
r-devel-windows-x86_64 0.3.1 3.00 61.00 64.00 NOTE
r-patched-linux-x86_64 0.3.1 3.15 23.92 27.07 NOTE
r-release-linux-x86_64 0.3.1 2.61 24.22 26.83 NOTE
r-release-macos-arm64 0.3.1 18.00 NOTE
r-release-macos-x86_64 0.3.1 21.00 NOTE
r-release-windows-x86_64 0.3.1 3.00 51.00 54.00 NOTE
r-oldrel-macos-arm64 0.3.1 19.00 NOTE
r-oldrel-macos-x86_64 0.3.1 21.00 NOTE
r-oldrel-windows-x86_64 0.3.1 44.00 53.00 97.00 NOTE

Check Details

Version: 0.3.1
Check: LazyData
Result: NOTE
     'LazyData' is specified without a 'data' directory
Flavors: r-devel-linux-x86_64-debian-clang, r-devel-linux-x86_64-debian-gcc, r-devel-linux-x86_64-fedora-clang, r-devel-linux-x86_64-fedora-gcc, r-devel-windows-x86_64, r-patched-linux-x86_64, r-release-linux-x86_64, r-release-macos-arm64, r-release-macos-x86_64, r-release-windows-x86_64, r-oldrel-macos-arm64, r-oldrel-macos-x86_64, r-oldrel-windows-x86_64