CRAN Package Check Results for Package affinitymatrix

Last updated on 2022-01-26 22:54:42 CET.

Flavor Version Tinstall Tcheck Ttotal Status Flags
r-devel-linux-x86_64-debian-clang 0.1.0 3.51 54.85 58.36 NOTE
r-devel-linux-x86_64-debian-gcc 0.1.0 3.10 40.51 43.61 NOTE
r-devel-linux-x86_64-fedora-clang 0.1.0 70.55 NOTE
r-devel-linux-x86_64-fedora-gcc 0.1.0 62.01 NOTE
r-devel-windows-x86_64-new-UL 0.1.0 61.00 77.00 138.00 NOTE
r-devel-windows-x86_64-new-TK 0.1.0 NOTE
r-patched-linux-x86_64 0.1.0 3.71 51.56 55.27 NOTE
r-release-linux-x86_64 0.1.0 2.82 51.02 53.84 NOTE
r-release-macos-arm64 0.1.0 NOTE
r-release-macos-x86_64 0.1.0 NOTE
r-release-windows-ix86+x86_64 0.1.0 8.00 62.00 70.00 NOTE
r-oldrel-macos-x86_64 0.1.0 OK
r-oldrel-windows-ix86+x86_64 0.1.0 9.00 63.00 72.00 OK

Check Details

Version: 0.1.0
Check: LazyData
Result: NOTE
     'LazyData' is specified without a 'data' directory
Flavors: r-devel-linux-x86_64-debian-clang, r-devel-linux-x86_64-debian-gcc, r-devel-linux-x86_64-fedora-clang, r-devel-linux-x86_64-fedora-gcc, r-devel-windows-x86_64-new-UL, r-devel-windows-x86_64-new-TK, r-patched-linux-x86_64, r-release-linux-x86_64, r-release-macos-arm64, r-release-macos-x86_64, r-release-windows-ix86+x86_64