Last updated on 2023-03-23 22:52:25 CET.
Flavor | Version | Tinstall | Tcheck | Ttotal | Status | Flags |
---|---|---|---|---|---|---|
r-devel-linux-x86_64-debian-clang | 0.1.0 | 5.18 | 43.28 | 48.46 | NOTE | |
r-devel-linux-x86_64-debian-gcc | 0.1.0 | 3.91 | 32.65 | 36.56 | NOTE | |
r-devel-linux-x86_64-fedora-clang | 0.1.0 | 59.63 | NOTE | |||
r-devel-linux-x86_64-fedora-gcc | 0.1.0 | 55.24 | NOTE | |||
r-devel-windows-x86_64 | 0.1.0 | 32.00 | 76.00 | 108.00 | NOTE | |
r-patched-linux-x86_64 | 0.1.0 | 4.64 | 42.02 | 46.66 | NOTE | |
r-release-linux-x86_64 | 0.1.0 | 4.10 | 42.28 | 46.38 | NOTE | |
r-release-macos-arm64 | 0.1.0 | 22.00 | NOTE | |||
r-release-macos-x86_64 | 0.1.0 | 31.00 | NOTE | |||
r-release-windows-x86_64 | 0.1.0 | 56.00 | 73.00 | 129.00 | NOTE | |
r-oldrel-macos-arm64 | 0.1.0 | 24.00 | NOTE | |||
r-oldrel-macos-x86_64 | 0.1.0 | 33.00 | NOTE | |||
r-oldrel-windows-ix86+x86_64 | 0.1.0 | 11.00 | 67.00 | 78.00 | NOTE |
Version: 0.1.0
Check: LazyData
Result: NOTE
'LazyData' is specified without a 'data' directory
Flavors: r-devel-linux-x86_64-debian-clang, r-devel-linux-x86_64-debian-gcc, r-devel-linux-x86_64-fedora-clang, r-devel-linux-x86_64-fedora-gcc, r-devel-windows-x86_64, r-patched-linux-x86_64, r-release-linux-x86_64, r-release-macos-arm64, r-release-macos-x86_64, r-release-windows-x86_64, r-oldrel-macos-arm64, r-oldrel-macos-x86_64, r-oldrel-windows-ix86+x86_64