CRAN Package Check Results for Package akima

Last updated on 2021-12-02 22:55:45 CET.

Flavor Version Tinstall Tcheck Ttotal Status Flags
r-devel-linux-x86_64-debian-clang 0.6-2.3 11.50 37.70 49.20 OK
r-devel-linux-x86_64-debian-gcc 0.6-2.3 8.46 29.66 38.12 OK
r-devel-linux-x86_64-fedora-clang 0.6-2.3 72.94 NOTE
r-devel-linux-x86_64-fedora-gcc 0.6-2.3 62.15 OK
r-devel-windows-x86_64-new-UL 0.6-2.3 27.00 80.00 107.00 OK
r-devel-windows-x86_64-new-TK 0.6-2.3 OK
r-devel-windows-x86_64-old 0.6-2.3 18.00 45.00 63.00 OK
r-patched-linux-x86_64 0.6-2.3 10.88 36.15 47.03 OK
r-patched-solaris-x86 0.6-2.3 80.90 OK
r-release-linux-x86_64 0.6-2.3 9.97 36.58 46.55 OK
r-release-macos-arm64 0.6-2.3 OK
r-release-macos-x86_64 0.6-2.3 OK
r-release-windows-ix86+x86_64 0.6-2.3 32.00 73.00 105.00 OK
r-oldrel-macos-x86_64 0.6-2.3 OK
r-oldrel-windows-ix86+x86_64 0.6-2.3 33.00 74.00 107.00 OK

Check Details

Version: 0.6-2.3
Check: Rd cross-references
Result: NOTE
    Undeclared package ‘tripack’ in Rd xrefs
Flavor: r-devel-linux-x86_64-fedora-clang