CRAN Package Check Results for Package alignfigR

Last updated on 2021-12-08 22:57:29 CET.

Flavor Version Tinstall Tcheck Ttotal Status Flags
r-devel-linux-x86_64-debian-clang 0.1.1 4.16 64.76 68.92 NOTE
r-devel-linux-x86_64-debian-gcc 0.1.1 3.42 48.90 52.32 NOTE
r-devel-linux-x86_64-fedora-clang 0.1.1 84.00 NOTE
r-devel-linux-x86_64-fedora-gcc 0.1.1 70.52 NOTE
r-devel-windows-x86_64-new-UL 0.1.1 12.00 95.00 107.00 NOTE
r-devel-windows-x86_64-new-TK 0.1.1 NOTE
r-devel-windows-x86_64-old 0.1.1 9.00 80.00 89.00 NOTE
r-patched-linux-x86_64 0.1.1 4.17 47.93 52.10 NOTE
r-release-linux-x86_64 0.1.1 3.72 48.07 51.79 NOTE
r-release-macos-arm64 0.1.1 NOTE
r-release-macos-x86_64 0.1.1 NOTE
r-release-windows-ix86+x86_64 0.1.1 9.00 60.00 69.00 NOTE
r-oldrel-macos-x86_64 0.1.1 OK
r-oldrel-windows-ix86+x86_64 0.1.1 12.00 66.00 78.00 OK

Check Details

Version: 0.1.1
Check: LazyData
Result: NOTE
     'LazyData' is specified without a 'data' directory
Flavors: r-devel-linux-x86_64-debian-clang, r-devel-linux-x86_64-debian-gcc, r-devel-linux-x86_64-fedora-clang, r-devel-linux-x86_64-fedora-gcc, r-devel-windows-x86_64-new-UL, r-devel-windows-x86_64-new-TK, r-devel-windows-x86_64-old, r-patched-linux-x86_64, r-release-linux-x86_64, r-release-macos-arm64, r-release-macos-x86_64, r-release-windows-ix86+x86_64