CRAN Package Check Results for Package allMT

Last updated on 2024-02-25 23:02:00 CET.

Flavor Version Tinstall Tcheck Ttotal Status Flags
r-devel-linux-x86_64-debian-clang 0.1.0 13.62 124.78 138.40 NOTE
r-devel-linux-x86_64-debian-gcc 0.1.0 11.61 93.31 104.92 NOTE
r-devel-linux-x86_64-fedora-clang 0.1.0 175.20 NOTE
r-devel-linux-x86_64-fedora-gcc 0.1.0 184.99 NOTE
r-devel-windows-x86_64 0.1.0 14.00 102.00 116.00 OK
r-patched-linux-x86_64 0.1.0 13.78 120.42 134.20 OK
r-release-linux-x86_64 0.1.0 12.43 120.90 133.33 OK
r-release-macos-arm64 0.1.0 35.00 OK
r-release-macos-x86_64 0.1.0 86.00 OK
r-release-windows-x86_64 0.1.0 19.00 125.00 144.00 OK
r-oldrel-macos-arm64 0.1.0 33.00 OK
r-oldrel-windows-x86_64 0.1.0 19.00 134.00 153.00 OK

Check Details

Version: 0.1.0
Check: Rd files
Result: NOTE checkRd: (-1) compare_cohorts.Rd:35: Lost braces in \itemize; meant \describe ? checkRd: (-1) compare_cohorts.Rd:36: Lost braces in \itemize; meant \describe ? Flavors: r-devel-linux-x86_64-debian-clang, r-devel-linux-x86_64-debian-gcc, r-devel-linux-x86_64-fedora-clang, r-devel-linux-x86_64-fedora-gcc