CRAN Package Check Results for Package allestimates

Last updated on 2024-03-03 22:58:44 CET.

Flavor Version Tinstall Tcheck Ttotal Status Flags
r-devel-linux-x86_64-debian-clang 0.2.3 12.00 173.35 185.35 NOTE
r-devel-linux-x86_64-debian-gcc 0.2.3 9.47 133.56 143.03 NOTE
r-devel-linux-x86_64-fedora-clang 0.2.3 229.22 NOTE
r-devel-linux-x86_64-fedora-gcc 0.2.3 247.88 NOTE
r-devel-windows-x86_64 0.2.3 9.00 153.00 162.00 OK
r-patched-linux-x86_64 0.2.3 11.35 168.97 180.32 OK
r-release-linux-x86_64 0.2.3 7.23 170.39 177.62 OK
r-release-macos-arm64 0.2.3 81.00 OK
r-release-macos-x86_64 0.2.3 148.00 OK
r-release-windows-x86_64 0.2.3 14.00 192.00 206.00 OK
r-oldrel-macos-arm64 0.2.3 83.00 OK
r-oldrel-windows-x86_64 0.2.3 14.00 189.00 203.00 OK

Check Details

Version: 0.2.3
Check: Rd files
Result: NOTE checkRd: (-1) allestimates.Rd:25: Lost braces in \itemize; meant \describe ? checkRd: (-1) allestimates.Rd:26: Lost braces in \itemize; meant \describe ? checkRd: (-1) allestimates.Rd:27: Lost braces in \itemize; meant \describe ? checkRd: (-1) allestimates.Rd:28: Lost braces in \itemize; meant \describe ? Flavors: r-devel-linux-x86_64-debian-clang, r-devel-linux-x86_64-debian-gcc, r-devel-linux-x86_64-fedora-clang, r-devel-linux-x86_64-fedora-gcc