CRAN Package Check Results for Package ampir

Last updated on 2022-06-29 23:09:26 CEST.

Flavor Version Tinstall Tcheck Ttotal Status Flags
r-devel-linux-x86_64-debian-clang 1.1.0 34.99 171.78 206.77 OK
r-devel-linux-x86_64-debian-gcc 1.1.0 28.92 127.45 156.37 OK
r-devel-linux-x86_64-fedora-clang 1.1.0 259.69 NOTE
r-devel-linux-x86_64-fedora-gcc 1.1.0 250.10 NOTE
r-devel-windows-x86_64 1.1.0 43.00 199.00 242.00 OK
r-patched-linux-x86_64 1.1.0 21.57 160.29 181.86 OK
r-release-linux-x86_64 1.1.0 27.67 158.33 186.00 OK
r-release-macos-arm64 1.1.0 63.00 NOTE
r-release-macos-x86_64 1.1.0 115.00 NOTE
r-release-windows-x86_64 1.1.0 44.00 205.00 249.00 OK
r-oldrel-macos-arm64 1.1.0 72.00 NOTE
r-oldrel-macos-x86_64 1.1.0 87.00 NOTE
r-oldrel-windows-ix86+x86_64 1.1.0 84.00 258.00 342.00 OK

Check Details

Version: 1.1.0
Check: dependencies in R code
Result: NOTE
    Namespace in Imports field not imported from: ‘kernlab’
     All declared Imports should be used.
Flavors: r-devel-linux-x86_64-fedora-clang, r-devel-linux-x86_64-fedora-gcc, r-release-macos-arm64, r-release-macos-x86_64, r-oldrel-macos-arm64, r-oldrel-macos-x86_64