CRAN Package Check Results for Package amt

Last updated on 2024-02-20 23:53:47 CET.

Flavor Version Tinstall Tcheck Ttotal Status Flags
r-devel-linux-x86_64-debian-clang 0.2.1.0 NOTE
r-devel-linux-x86_64-debian-gcc 0.2.1.0 16.36 322.19 338.55 NOTE
r-devel-linux-x86_64-fedora-clang 0.2.1.0 598.96 NOTE
r-devel-linux-x86_64-fedora-gcc 0.2.1.0 627.88 NOTE
r-devel-windows-x86_64 0.2.1.0 21.00 357.00 378.00 NOTE
r-patched-linux-x86_64 0.2.1.0 23.70 434.40 458.10 OK
r-release-linux-x86_64 0.2.1.0 22.71 437.71 460.42 OK
r-release-macos-arm64 0.2.1.0 173.00 OK
r-release-macos-x86_64 0.2.1.0 9.00 ERROR
r-release-windows-x86_64 0.2.1.0 26.00 431.00 457.00 OK
r-oldrel-macos-arm64 0.2.1.0 139.00 OK
r-oldrel-windows-x86_64 0.2.1.0 26.00 411.00 437.00 OK

Check Details

Version: 0.2.1.0
Check: Rd files
Result: NOTE checkRd: (-1) diff.Rd:14: Lost braces 14 | \item{x}{A track_xy{t}.} | ^ checkRd: (-1) nsd.Rd:22: Lost braces 22 | \item{x}{A track_xy{t}.} | ^ Flavors: r-devel-linux-x86_64-debian-clang, r-devel-linux-x86_64-debian-gcc, r-devel-linux-x86_64-fedora-clang, r-devel-linux-x86_64-fedora-gcc

Version: 0.2.1.0
Check: Rd \usage sections
Result: NOTE Documented arguments not in \usage in Rd file 'check_factors.Rd': ‘object’ Functions with \usage entries need to have the appropriate \alias entries, and all their arguments documented. The \usage entries must correspond to syntactically valid R code. See chapter ‘Writing R documentation files’ in the ‘Writing R Extensions’ manual. Flavors: r-devel-linux-x86_64-debian-clang, r-devel-linux-x86_64-debian-gcc, r-devel-linux-x86_64-fedora-clang, r-devel-linux-x86_64-fedora-gcc, r-devel-windows-x86_64

Version: 0.2.1.0
Check: package dependencies
Result: ERROR Package required but not available: ‘ctmm’ See section ‘The DESCRIPTION file’ in the ‘Writing R Extensions’ manual. Flavor: r-release-macos-x86_64