CRAN Package Check Results for Package and

Last updated on 2024-02-26 23:03:33 CET.

Flavor Version Tinstall Tcheck Ttotal Status Flags
r-devel-linux-x86_64-debian-clang 0.1.5 2.27 27.32 29.59 OK
r-devel-linux-x86_64-debian-gcc 0.1.5 2.52 21.56 24.08 OK
r-devel-linux-x86_64-fedora-clang 0.1.5 36.85 NOTE
r-devel-linux-x86_64-fedora-gcc 0.1.5 35.88 NOTE
r-devel-windows-x86_64 0.1.5 5.00 44.00 49.00 OK
r-patched-linux-x86_64 0.1.5 4.02 27.30 31.32 OK
r-release-linux-x86_64 0.1.5 3.23 27.03 30.26 OK
r-release-macos-arm64 0.1.5 18.00 OK
r-release-macos-x86_64 0.1.5 42.00 OK
r-release-windows-x86_64 0.1.5 9.00 47.00 56.00 OK
r-oldrel-macos-arm64 0.1.5 21.00 OK
r-oldrel-windows-x86_64 0.1.5 8.00 49.00 57.00 OK

Check Details

Version: 0.1.5
Check: data for non-ASCII characters
Result: NOTE Note: found 237 marked UTF-8 strings Flavors: r-devel-linux-x86_64-fedora-clang, r-devel-linux-x86_64-fedora-gcc