CRAN Package Check Results for Package anomaly

Last updated on 2021-12-02 22:55:45 CET.

Flavor Version Tinstall Tcheck Ttotal Status Flags
r-devel-linux-x86_64-debian-clang 4.0.2 67.09 122.45 189.54 OK
r-devel-linux-x86_64-debian-gcc 4.0.2 42.97 90.20 133.17 OK
r-devel-linux-x86_64-fedora-clang 4.0.2 297.08 NOTE
r-devel-linux-x86_64-fedora-gcc 4.0.2 239.73 OK
r-devel-windows-x86_64-new-UL 4.0.2 125.00 204.00 329.00 NOTE
r-devel-windows-x86_64-new-TK 4.0.2 OK
r-devel-windows-x86_64-old 4.0.2 101.00 126.00 227.00 NOTE
r-patched-linux-x86_64 4.0.2 57.72 113.51 171.23 OK
r-patched-solaris-x86 4.0.2 266.20 NOTE
r-release-linux-x86_64 4.0.2 58.85 113.43 172.28 OK
r-release-macos-arm64 4.0.2 NOTE
r-release-macos-x86_64 4.0.2 NOTE
r-release-windows-ix86+x86_64 4.0.2 188.00 232.00 420.00 NOTE
r-oldrel-macos-x86_64 4.0.2 NOTE
r-oldrel-windows-ix86+x86_64 4.0.2 180.00 233.00 413.00 NOTE

Check Details

Version: 4.0.2
Check: installed package size
Result: NOTE
     installed size is 6.9Mb
     sub-directories of 1Mb or more:
     data 4.1Mb
     libs 2.3Mb
Flavors: r-devel-linux-x86_64-fedora-clang, r-devel-windows-x86_64-new-UL, r-devel-windows-x86_64-old, r-patched-solaris-x86, r-release-macos-arm64, r-release-macos-x86_64, r-release-windows-ix86+x86_64, r-oldrel-macos-x86_64, r-oldrel-windows-ix86+x86_64