CRAN Package Check Results for Package aod

Last updated on 2021-12-03 22:57:32 CET.

Flavor Version Tinstall Tcheck Ttotal Status Flags
r-devel-linux-x86_64-debian-clang 1.3.1 7.24 46.14 53.38 NOTE
r-devel-linux-x86_64-debian-gcc 1.3.1 4.65 35.33 39.98 NOTE
r-devel-linux-x86_64-fedora-clang 1.3.1 74.25 NOTE
r-devel-linux-x86_64-fedora-gcc 1.3.1 65.63 NOTE
r-devel-windows-x86_64-new-UL 1.3.1 18.00 88.00 106.00 NOTE
r-devel-windows-x86_64-new-TK 1.3.1 NOTE
r-devel-windows-x86_64-old 1.3.1 14.00 52.00 66.00 NOTE
r-patched-linux-x86_64 1.3.1 6.22 44.04 50.26 NOTE
r-release-linux-x86_64 1.3.1 6.11 44.04 50.15 NOTE
r-release-macos-arm64 1.3.1 NOTE
r-release-macos-x86_64 1.3.1 NOTE
r-release-windows-ix86+x86_64 1.3.1 15.00 69.00 84.00 NOTE
r-oldrel-macos-x86_64 1.3.1 NOTE
r-oldrel-windows-ix86+x86_64 1.3.1 15.00 73.00 88.00 NOTE

Check Details

Version: 1.3.1
Check: dependencies in R code
Result: NOTE
    'library' or 'require' call to 'boot' in package code.
     Please use :: or requireNamespace() instead.
     See section 'Suggested packages' in the 'Writing R Extensions' manual.
Flavors: r-devel-linux-x86_64-debian-clang, r-devel-linux-x86_64-debian-gcc, r-devel-linux-x86_64-fedora-clang, r-devel-linux-x86_64-fedora-gcc, r-devel-windows-x86_64-new-UL, r-devel-windows-x86_64-new-TK, r-devel-windows-x86_64-old, r-patched-linux-x86_64, r-release-linux-x86_64, r-release-macos-arm64, r-release-macos-x86_64, r-release-windows-ix86+x86_64, r-oldrel-macos-x86_64, r-oldrel-windows-ix86+x86_64

Version: 1.3.1
Check: R code for possible problems
Result: NOTE
    varbin: no visible global function definition for 'boot'
    Undefined global functions or variables:
     boot
Flavors: r-devel-linux-x86_64-debian-clang, r-devel-linux-x86_64-debian-gcc, r-devel-linux-x86_64-fedora-clang, r-devel-linux-x86_64-fedora-gcc, r-devel-windows-x86_64-new-UL, r-devel-windows-x86_64-new-TK, r-devel-windows-x86_64-old, r-patched-linux-x86_64, r-release-linux-x86_64, r-release-macos-arm64, r-release-macos-x86_64, r-release-windows-ix86+x86_64, r-oldrel-macos-x86_64, r-oldrel-windows-ix86+x86_64

Version: 1.3.1
Check: Rd cross-references
Result: NOTE
    Undeclared packages ‘geepack’, ‘dispmod’ in Rd xrefs
Flavor: r-devel-linux-x86_64-fedora-clang