CRAN Package Check Results for Package aods3

Last updated on 2022-01-20 22:53:55 CET.

Flavor Version Tinstall Tcheck Ttotal Status Flags
r-devel-linux-x86_64-debian-clang 0.4-1.1 NOTE
r-devel-linux-x86_64-debian-gcc 0.4-1.1 7.52 64.71 72.23 NOTE
r-devel-linux-x86_64-fedora-clang 0.4-1.1 114.78 NOTE
r-devel-linux-x86_64-fedora-gcc 0.4-1.1 102.43 NOTE
r-devel-windows-x86_64-new-UL 0.4-1.1 41.00 103.00 144.00 NOTE
r-devel-windows-x86_64-new-TK 0.4-1.1 NOTE
r-patched-linux-x86_64 0.4-1.1 11.00 80.25 91.25 NOTE
r-release-linux-x86_64 0.4-1.1 10.78 80.34 91.12 NOTE
r-release-macos-arm64 0.4-1.1 NOTE
r-release-macos-x86_64 0.4-1.1 NOTE
r-release-windows-ix86+x86_64 0.4-1.1 22.00 96.00 118.00 NOTE
r-oldrel-macos-x86_64 0.4-1.1 NOTE
r-oldrel-windows-ix86+x86_64 0.4-1.1 21.00 93.00 114.00 NOTE

Check Details

Version: 0.4-1.1
Check: dependencies in R code
Result: NOTE
    Packages in Depends field not imported from:
     'boot' 'lme4'
     These packages need to be imported from (in the NAMESPACE file)
     for when this namespace is loaded but not attached.
Flavors: r-devel-linux-x86_64-debian-clang, r-devel-linux-x86_64-debian-gcc, r-devel-linux-x86_64-fedora-clang, r-devel-linux-x86_64-fedora-gcc, r-devel-windows-x86_64-new-UL, r-devel-windows-x86_64-new-TK, r-patched-linux-x86_64, r-release-linux-x86_64, r-release-macos-arm64, r-release-macos-x86_64, r-release-windows-ix86+x86_64, r-oldrel-macos-x86_64, r-oldrel-windows-ix86+x86_64