CRAN Package Check Results for Package aorsf

Last updated on 2024-02-20 23:53:47 CET.

Flavor Version Tinstall Tcheck Ttotal Status Flags
r-devel-linux-x86_64-debian-clang 0.1.3 OK
r-devel-linux-x86_64-debian-gcc 0.1.3 182.15 141.20 323.35 OK
r-devel-linux-x86_64-fedora-clang 0.1.3 610.96 OK
r-devel-linux-x86_64-fedora-gcc 0.1.3 631.29 OK
r-devel-windows-x86_64 0.1.3 165.00 165.00 330.00 OK
r-patched-linux-x86_64 0.1.3 220.89 182.92 403.81 OK
r-release-linux-x86_64 0.1.3 221.92 181.56 403.48 OK
r-release-macos-arm64 0.1.3 117.00 NOTE
r-release-macos-x86_64 0.1.3 235.00 NOTE
r-release-windows-x86_64 0.1.3 213.00 213.00 426.00 OK
r-oldrel-macos-arm64 0.1.3 114.00 NOTE
r-oldrel-windows-x86_64 0.1.3 200.00 205.00 405.00 OK

Check Details

Version: 0.1.3
Check: installed package size
Result: NOTE installed size is 10.4Mb sub-directories of 1Mb or more: libs 9.0Mb Flavors: r-release-macos-arm64, r-release-macos-x86_64, r-oldrel-macos-arm64