Last updated on 2023-06-02 23:03:13 CEST.
Flavor | Version | Tinstall | Tcheck | Ttotal | Status | Flags |
---|---|---|---|---|---|---|
r-devel-linux-x86_64-debian-clang | 2.0.0 | 22.38 | 582.92 | 605.30 | OK | |
r-devel-linux-x86_64-debian-gcc | 2.0.0 | 18.42 | 441.56 | 459.98 | OK | |
r-devel-linux-x86_64-fedora-clang | 2.0.0 | 737.46 | NOTE | |||
r-devel-linux-x86_64-fedora-gcc | 2.0.0 | 745.02 | NOTE | |||
r-devel-windows-x86_64 | 2.0.0 | 20.00 | 490.00 | 510.00 | OK | |
r-patched-linux-x86_64 | 2.0.0 | OK | ||||
r-release-linux-x86_64 | 2.0.0 | 17.06 | 566.77 | 583.83 | OK | |
r-release-macos-arm64 | 2.0.0 | 439.00 | OK | |||
r-release-macos-x86_64 | 2.0.0 | 724.00 | OK | |||
r-release-windows-x86_64 | 2.0.0 | 25.00 | 628.00 | 653.00 | OK | |
r-oldrel-macos-arm64 | 2.0.0 | 355.00 | NOTE | |||
r-oldrel-macos-x86_64 | 2.0.0 | 586.00 | NOTE | |||
r-oldrel-windows-x86_64 | 2.0.0 | 26.00 | 621.00 | 647.00 | OK |
Version: 2.0.0
Check: dependencies in R code
Result: NOTE
Namespaces in Imports field not imported from:
‘AER’ ‘ChainLadder’ ‘ISLR’ ‘ggplot2’
All declared Imports should be used.
Flavors: r-devel-linux-x86_64-fedora-clang, r-devel-linux-x86_64-fedora-gcc, r-oldrel-macos-arm64, r-oldrel-macos-x86_64