CRAN Package Check Results for Package aplot

Last updated on 2024-02-25 23:02:00 CET.

Flavor Version Tinstall Tcheck Ttotal Status Flags
r-devel-linux-x86_64-debian-clang 0.2.2 5.87 56.00 61.87 OK
r-devel-linux-x86_64-debian-gcc 0.2.2 4.75 42.35 47.10 NOTE
r-devel-linux-x86_64-fedora-clang 0.2.2 74.25 OK
r-devel-linux-x86_64-fedora-gcc 0.2.2 79.81 NOTE
r-devel-windows-x86_64 0.2.2 7.00 59.00 66.00 OK
r-patched-linux-x86_64 0.2.2 6.57 52.31 58.88 OK
r-release-linux-x86_64 0.2.2 6.92 52.83 59.75 NOTE
r-release-macos-arm64 0.2.2 30.00 OK
r-release-macos-x86_64 0.2.2 52.00 OK
r-release-windows-x86_64 0.2.2 8.00 66.00 74.00 OK
r-oldrel-macos-arm64 0.2.2 28.00 OK
r-oldrel-windows-x86_64 0.2.2 9.00 73.00 82.00 OK

Check Details

Version: 0.2.2
Check: package dependencies
Result: NOTE Package suggested but not available for checking: ‘ggtree’ Flavors: r-devel-linux-x86_64-debian-gcc, r-devel-linux-x86_64-fedora-gcc, r-release-linux-x86_64