Last updated on 2023-09-21 23:03:13 CEST.
Flavor | Version | Tinstall | Tcheck | Ttotal | Status | Flags |
---|---|---|---|---|---|---|
r-devel-linux-x86_64-debian-clang | 1.1.5 | 27.24 | 50.12 | 77.36 | NOTE | |
r-devel-linux-x86_64-debian-gcc | 1.1.6 | 20.53 | 36.74 | 57.27 | OK | |
r-devel-linux-x86_64-fedora-clang | 1.1.6 | 126.16 | OK | |||
r-devel-linux-x86_64-fedora-gcc | 1.1.6 | 109.45 | OK | |||
r-devel-windows-x86_64 | 1.1.6 | 51.00 | 84.00 | 135.00 | OK | |
r-patched-linux-x86_64 | 1.1.6 | 29.76 | 47.15 | 76.91 | OK | |
r-release-linux-x86_64 | 1.1.6 | 28.91 | 47.69 | 76.60 | OK | |
r-release-macos-arm64 | 1.1.6 | 13.00 | ERROR | |||
r-release-macos-x86_64 | 1.1.6 | 12.00 | ERROR | |||
r-release-windows-x86_64 | 1.1.6 | 61.00 | 93.00 | 154.00 | OK | |
r-oldrel-macos-arm64 | 1.1.6 | 10.00 | ERROR | |||
r-oldrel-macos-x86_64 | 1.1.6 | 11.00 | ERROR | |||
r-oldrel-windows-x86_64 | 1.1.6 | 51.00 | 84.00 | 135.00 | OK |
Version: 1.1.5
Check: C++ specification
Result: NOTE
Specified C++11: please drop specification unless essential
Flavor: r-devel-linux-x86_64-debian-clang
Version: 1.1.6
Check: whether package can be installed
Result: ERROR
Installation failed.
Flavors: r-release-macos-arm64, r-release-macos-x86_64, r-oldrel-macos-arm64, r-oldrel-macos-x86_64