CRAN Package Check Results for Package archive

Last updated on 2021-12-03 22:57:32 CET.

Flavor Version Tinstall Tcheck Ttotal Status Flags
r-devel-linux-x86_64-debian-clang 1.1.2 24.53 39.66 64.19 OK
r-devel-linux-x86_64-debian-gcc 1.1.3 19.02 30.32 49.34 OK
r-devel-linux-x86_64-fedora-clang 1.1.3 106.40 OK
r-devel-linux-x86_64-fedora-gcc 1.1.3 89.47 OK
r-devel-windows-x86_64-new-UL 1.1.3 58.00 159.00 217.00 OK
r-devel-windows-x86_64-new-TK 1.1.2 NOTE
r-devel-windows-x86_64-old 1.1.2 57.00 47.00 104.00 OK
r-patched-linux-x86_64 1.1.3 25.51 36.73 62.24 OK
r-release-linux-x86_64 1.1.3 26.02 37.02 63.04 OK
r-release-macos-arm64 1.1.3 OK
r-release-macos-x86_64 1.1.3 OK
r-release-windows-ix86+x86_64 1.1.3 89.00 72.00 161.00 NOTE
r-oldrel-macos-x86_64 1.1.3 OK
r-oldrel-windows-ix86+x86_64 1.1.2 105.00 95.00 200.00 NOTE

Check Details

Version: 1.1.2
Check: dependencies in R code
Result: NOTE
    Namespace in Imports field not imported from: 'cli'
     All declared Imports should be used.
Flavor: r-devel-windows-x86_64-new-TK

Version: 1.1.3
Check: installed package size
Result: NOTE
     installed size is 5.7Mb
     sub-directories of 1Mb or more:
     libs 5.0Mb
Flavor: r-release-windows-ix86+x86_64

Version: 1.1.2
Check: installed package size
Result: NOTE
     installed size is 5.7Mb
     sub-directories of 1Mb or more:
     libs 5.0Mb
Flavor: r-oldrel-windows-ix86+x86_64