Last updated on 2023-06-02 23:03:14 CEST.
Flavor | Version | Tinstall | Tcheck | Ttotal | Status | Flags |
---|---|---|---|---|---|---|
r-devel-linux-x86_64-debian-clang | 0.3.5 | 5.79 | 59.03 | 64.82 | NOTE | |
r-devel-linux-x86_64-debian-gcc | 0.3.5 | 5.36 | 45.54 | 50.90 | NOTE | |
r-devel-linux-x86_64-fedora-clang | 0.3.5 | 80.98 | NOTE | |||
r-devel-linux-x86_64-fedora-gcc | 0.3.5 | 102.14 | NOTE | |||
r-devel-windows-x86_64 | 0.3.5 | 8.00 | 63.00 | 71.00 | NOTE | |
r-patched-linux-x86_64 | 0.3.5 | NOTE | ||||
r-release-linux-x86_64 | 0.3.5 | 4.92 | 56.54 | 61.46 | NOTE | |
r-release-macos-arm64 | 0.3.5 | 33.00 | NOTE | |||
r-release-macos-x86_64 | 0.3.5 | 49.00 | NOTE | |||
r-release-windows-x86_64 | 0.3.5 | 9.00 | 70.00 | 79.00 | NOTE | |
r-oldrel-macos-arm64 | 0.3.5 | 28.00 | NOTE | |||
r-oldrel-macos-x86_64 | 0.3.5 | 43.00 | NOTE | |||
r-oldrel-windows-x86_64 | 0.3.5 | 10.00 | 79.00 | 89.00 | NOTE |
Version: 0.3.5
Check: LazyData
Result: NOTE
'LazyData' is specified without a 'data' directory
Flavors: r-devel-linux-x86_64-debian-clang, r-devel-linux-x86_64-debian-gcc, r-devel-linux-x86_64-fedora-clang, r-devel-linux-x86_64-fedora-gcc, r-devel-windows-x86_64, r-patched-linux-x86_64, r-release-linux-x86_64, r-release-macos-arm64, r-release-macos-x86_64, r-release-windows-x86_64, r-oldrel-macos-arm64, r-oldrel-macos-x86_64, r-oldrel-windows-x86_64