CRAN Package Check Results for Package aricode

Last updated on 2022-01-24 22:56:19 CET.

Flavor Version Tinstall Tcheck Ttotal Status Flags
r-devel-linux-x86_64-debian-clang 1.0.0 21.27 75.39 96.66 NOTE
r-devel-linux-x86_64-debian-gcc 1.0.0 16.14 58.77 74.91 NOTE
r-devel-linux-x86_64-fedora-clang 1.0.0 130.74 NOTE
r-devel-linux-x86_64-fedora-gcc 1.0.0 119.07 NOTE
r-devel-windows-x86_64-new-UL 1.0.0 39.00 115.00 154.00 NOTE
r-devel-windows-x86_64-new-TK 1.0.0 NOTE
r-patched-linux-x86_64 1.0.0 21.91 73.39 95.30 NOTE
r-release-linux-x86_64 1.0.0 19.07 73.53 92.60 NOTE
r-release-macos-arm64 1.0.0 NOTE
r-release-macos-x86_64 1.0.0 NOTE
r-release-windows-ix86+x86_64 1.0.0 58.00 130.00 188.00 NOTE
r-oldrel-macos-x86_64 1.0.0 OK
r-oldrel-windows-ix86+x86_64 1.0.0 58.00 130.00 188.00 OK

Additional issues

clang-UBSAN

Check Details

Version: 1.0.0
Check: LazyData
Result: NOTE
     'LazyData' is specified without a 'data' directory
Flavors: r-devel-linux-x86_64-debian-clang, r-devel-linux-x86_64-debian-gcc, r-devel-linux-x86_64-fedora-clang, r-devel-linux-x86_64-fedora-gcc, r-devel-windows-x86_64-new-UL, r-devel-windows-x86_64-new-TK, r-patched-linux-x86_64, r-release-linux-x86_64, r-release-macos-arm64, r-release-macos-x86_64, r-release-windows-ix86+x86_64