CRAN Package Check Results for Package arm

Last updated on 2021-11-27 22:56:50 CET.

Flavor Version Tinstall Tcheck Ttotal Status Flags
r-devel-linux-x86_64-debian-clang 1.12-2 OK
r-devel-linux-x86_64-debian-gcc 1.12-2 11.13 75.44 86.57 OK
r-devel-linux-x86_64-fedora-clang 1.12-2 144.30 NOTE
r-devel-linux-x86_64-fedora-gcc 1.12-2 135.46 OK
r-devel-windows-x86_64-new-UL 1.12-2 52.00 138.00 190.00 OK
r-devel-windows-x86_64-new-TK 1.12-2 OK
r-devel-windows-x86_64-old 1.12-2 21.00 127.00 148.00 OK
r-patched-linux-x86_64 1.12-2 13.46 94.71 108.17 OK
r-patched-solaris-x86 1.12-2 194.30 OK
r-release-linux-x86_64 1.12-2 OK
r-release-macos-arm64 1.12-2 OK
r-release-macos-x86_64 1.12-2 OK
r-release-windows-ix86+x86_64 1.12-2 30.00 90.00 120.00 OK
r-oldrel-macos-x86_64 1.12-2 OK
r-oldrel-windows-ix86+x86_64 1.12-2 22.00 122.00 144.00 OK

Check Details

Version: 1.12-2
Check: Rd cross-references
Result: NOTE
    Undeclared packages ‘survey’, ‘Matching’ in Rd xrefs
Flavor: r-devel-linux-x86_64-fedora-clang