CRAN Package Check Results for Package arnie

Last updated on 2021-11-26 23:03:17 CET.

Flavor Version Tinstall Tcheck Ttotal Status Flags
r-devel-linux-x86_64-debian-clang 0.1.2 1.81 18.80 20.61 NOTE
r-devel-linux-x86_64-debian-gcc 0.1.2 1.11 15.04 16.15 NOTE
r-devel-linux-x86_64-fedora-clang 0.1.2 36.19 NOTE
r-devel-linux-x86_64-fedora-gcc 0.1.2 25.56 NOTE
r-devel-windows-x86_64-new-UL 0.1.2 4.00 46.00 50.00 NOTE
r-devel-windows-x86_64-new-TK 0.1.2 NOTE
r-devel-windows-x86_64-old 0.1.2 3.00 33.00 36.00 NOTE
r-patched-linux-x86_64 0.1.2 1.56 18.31 19.87 NOTE
r-patched-solaris-x86 0.1.2 43.50 NOTE
r-release-linux-x86_64 0.1.2 NOTE
r-release-macos-arm64 0.1.2 NOTE
r-release-macos-x86_64 0.1.2 NOTE
r-release-windows-ix86+x86_64 0.1.2 4.00 32.00 36.00 NOTE
r-oldrel-macos-x86_64 0.1.2 NOTE
r-oldrel-windows-ix86+x86_64 0.1.2 3.00 29.00 32.00 NOTE

Check Details

Version: 0.1.2
Check: DESCRIPTION meta-information
Result: NOTE
    Malformed Description field: should contain one or more complete sentences.
Flavors: r-devel-linux-x86_64-debian-clang, r-devel-linux-x86_64-debian-gcc, r-devel-linux-x86_64-fedora-clang, r-devel-linux-x86_64-fedora-gcc, r-devel-windows-x86_64-new-UL, r-devel-windows-x86_64-new-TK, r-devel-windows-x86_64-old, r-patched-linux-x86_64, r-patched-solaris-x86, r-release-linux-x86_64, r-release-macos-arm64, r-release-macos-x86_64, r-release-windows-ix86+x86_64, r-oldrel-macos-x86_64, r-oldrel-windows-ix86+x86_64