CRAN Package Check Results for Package aroma.core

Last updated on 2021-12-01 22:53:04 CET.

Flavor Version Tinstall Tcheck Ttotal Status Flags
r-devel-linux-x86_64-debian-clang 3.2.2 33.16 182.87 216.03 NOTE
r-devel-linux-x86_64-debian-gcc 3.2.2 23.60 136.32 159.92 NOTE
r-devel-linux-x86_64-fedora-clang 3.2.2 281.09 NOTE
r-devel-linux-x86_64-fedora-gcc 3.2.2 273.26 NOTE
r-devel-windows-x86_64-new-UL 3.2.2 86.00 225.00 311.00 NOTE
r-devel-windows-x86_64-new-TK 3.2.2 NOTE
r-devel-windows-x86_64-old 3.2.2 46.00 173.00 219.00 NOTE
r-patched-linux-x86_64 3.2.2 38.02 175.84 213.86 NOTE
r-patched-solaris-x86 3.2.2 303.70 NOTE
r-release-linux-x86_64 3.2.2 28.62 175.07 203.69 NOTE
r-release-macos-arm64 3.2.2 NOTE
r-release-macos-x86_64 3.2.2 NOTE
r-release-windows-ix86+x86_64 3.2.2 52.00 203.00 255.00 NOTE
r-oldrel-macos-x86_64 3.2.2 NOTE
r-oldrel-windows-ix86+x86_64 3.2.2 50.00 214.00 264.00 NOTE

Check Details

Version: 3.2.2
Check: package dependencies
Result: NOTE
    Packages suggested but not available for checking:
     'sfit', 'expectile', 'HaarSeg', 'mpcbs'
Flavors: r-devel-linux-x86_64-debian-clang, r-devel-linux-x86_64-debian-gcc, r-devel-linux-x86_64-fedora-clang, r-devel-linux-x86_64-fedora-gcc, r-devel-windows-x86_64-new-UL, r-devel-windows-x86_64-new-TK, r-devel-windows-x86_64-old, r-patched-linux-x86_64, r-patched-solaris-x86, r-release-linux-x86_64, r-release-windows-ix86+x86_64, r-oldrel-windows-ix86+x86_64

Version: 3.2.2
Check: package dependencies
Result: NOTE
    Packages suggested but not available for checking:
     'GLAD', 'sfit', 'expectile', 'HaarSeg', 'mpcbs'
Flavors: r-release-macos-arm64, r-release-macos-x86_64, r-oldrel-macos-x86_64

Version: 3.2.2
Check: Rd cross-references
Result: NOTE
    Package unavailable to check Rd xrefs: ‘GLAD’
Flavors: r-release-macos-arm64, r-oldrel-macos-x86_64