CRAN Package Check Results for Package asciicast

Last updated on 2022-01-22 22:52:03 CET.

Flavor Version Tinstall Tcheck Ttotal Status Flags
r-devel-linux-x86_64-debian-clang 1.0.0 5.52 51.92 57.44 NOTE
r-devel-linux-x86_64-debian-gcc 1.0.0 3.44 40.46 43.90 NOTE
r-devel-linux-x86_64-fedora-clang 1.0.0 72.82 NOTE
r-devel-linux-x86_64-fedora-gcc 1.0.0 61.79 NOTE
r-devel-windows-x86_64-new-UL 1.0.0 60.00 81.00 141.00 NOTE
r-devel-windows-x86_64-new-TK 1.0.0 NOTE
r-patched-linux-x86_64 1.0.0 4.94 49.61 54.55 NOTE
r-release-linux-x86_64 1.0.0 5.43 50.49 55.92 NOTE
r-release-macos-arm64 1.0.0 NOTE
r-release-macos-x86_64 1.0.0 NOTE
r-release-windows-ix86+x86_64 1.0.0 13.00 78.00 91.00 NOTE
r-oldrel-macos-x86_64 1.0.0 OK
r-oldrel-windows-ix86+x86_64 1.0.0 14.00 76.00 90.00 OK

Check Details

Version: 1.0.0
Check: LazyData
Result: NOTE
     'LazyData' is specified without a 'data' directory
Flavors: r-devel-linux-x86_64-debian-clang, r-devel-linux-x86_64-debian-gcc, r-devel-linux-x86_64-fedora-clang, r-devel-linux-x86_64-fedora-gcc, r-devel-windows-x86_64-new-UL, r-devel-windows-x86_64-new-TK, r-patched-linux-x86_64, r-release-linux-x86_64, r-release-macos-arm64, r-release-macos-x86_64, r-release-windows-ix86+x86_64