CRAN Package Check Results for Package assertive.files

Last updated on 2021-12-04 22:59:27 CET.

Flavor Version Tinstall Tcheck Ttotal Status Flags
r-devel-linux-x86_64-debian-clang 0.0-2 2.63 34.19 36.82 NOTE
r-devel-linux-x86_64-debian-gcc 0.0-2 1.59 27.07 28.66 NOTE
r-devel-linux-x86_64-fedora-clang 0.0-2 48.16 NOTE
r-devel-linux-x86_64-fedora-gcc 0.0-2 35.23 NOTE
r-devel-windows-x86_64-new-UL 0.0-2 7.00 62.00 69.00 NOTE
r-devel-windows-x86_64-new-TK 0.0-2 NOTE
r-devel-windows-x86_64-old 0.0-2 5.00 34.00 39.00 NOTE
r-patched-linux-x86_64 0.0-2 2.60 24.66 27.26 NOTE
r-release-linux-x86_64 0.0-2 2.40 24.97 27.37 NOTE
r-release-macos-arm64 0.0-2 NOTE
r-release-macos-x86_64 0.0-2 NOTE
r-release-windows-ix86+x86_64 0.0-2 5.00 43.00 48.00 NOTE
r-oldrel-macos-x86_64 0.0-2 OK
r-oldrel-windows-ix86+x86_64 0.0-2 5.00 45.00 50.00 OK

Check Details

Version: 0.0-2
Check: LazyData
Result: NOTE
     'LazyData' is specified without a 'data' directory
Flavors: r-devel-linux-x86_64-debian-clang, r-devel-linux-x86_64-debian-gcc, r-devel-linux-x86_64-fedora-clang, r-devel-linux-x86_64-fedora-gcc, r-devel-windows-x86_64-new-UL, r-devel-windows-x86_64-new-TK, r-devel-windows-x86_64-old, r-patched-linux-x86_64, r-release-linux-x86_64, r-release-macos-arm64, r-release-macos-x86_64, r-release-windows-ix86+x86_64