CRAN Package Check Results for Package astrolibR

Last updated on 2021-11-26 23:03:17 CET.

Flavor Version Tinstall Tcheck Ttotal Status Flags
r-devel-linux-x86_64-debian-clang 0.1 7.55 48.71 56.26 NOTE
r-devel-linux-x86_64-debian-gcc 0.1 6.61 37.36 43.97 NOTE
r-devel-linux-x86_64-fedora-clang 0.1 80.60 NOTE
r-devel-linux-x86_64-fedora-gcc 0.1 70.21 NOTE
r-devel-windows-x86_64-new-UL 0.1 20.00 89.00 109.00 NOTE
r-devel-windows-x86_64-new-TK 0.1 NOTE
r-devel-windows-x86_64-old 0.1 13.00 68.00 81.00 NOTE
r-patched-linux-x86_64 0.1 8.61 47.96 56.57 NOTE
r-patched-solaris-x86 0.1 88.20 NOTE
r-release-linux-x86_64 0.1 NOTE
r-release-macos-arm64 0.1 NOTE
r-release-macos-x86_64 0.1 NOTE
r-release-windows-ix86+x86_64 0.1 14.00 63.00 77.00 NOTE
r-oldrel-macos-x86_64 0.1 NOTE
r-oldrel-windows-ix86+x86_64 0.1 11.00 63.00 74.00 NOTE

Check Details

Version: 0.1
Check: R code for possible problems
Result: NOTE
    fm_unred: no visible global function definition for 'spline'
    galage: no visible global function definition for 'integrate'
    lumdist: no visible global function definition for 'integrate'
    Undefined global functions or variables:
     integrate spline
    Consider adding
     importFrom("stats", "integrate", "spline")
    to your NAMESPACE file.
Flavors: r-devel-linux-x86_64-debian-clang, r-devel-linux-x86_64-debian-gcc, r-devel-linux-x86_64-fedora-clang, r-devel-linux-x86_64-fedora-gcc, r-devel-windows-x86_64-new-UL, r-devel-windows-x86_64-new-TK, r-devel-windows-x86_64-old, r-patched-linux-x86_64, r-patched-solaris-x86, r-release-linux-x86_64, r-release-macos-arm64, r-release-macos-x86_64, r-release-windows-ix86+x86_64, r-oldrel-macos-x86_64, r-oldrel-windows-ix86+x86_64