CRAN Package Check Results for Package auditor

Last updated on 2021-12-01 22:53:04 CET.

Flavor Version Tinstall Tcheck Ttotal Status Flags
r-devel-linux-x86_64-debian-clang 1.3.3 8.41 227.46 235.87 OK
r-devel-linux-x86_64-debian-gcc 1.3.3 7.88 168.59 176.47 OK
r-devel-linux-x86_64-fedora-clang 1.3.3 299.40 NOTE
r-devel-linux-x86_64-fedora-gcc 1.3.3 280.10 OK
r-devel-windows-x86_64-new-UL 1.3.3 28.00 371.00 399.00 OK
r-devel-windows-x86_64-new-TK 1.3.3 OK
r-devel-windows-x86_64-old 1.3.3 18.00 257.00 275.00 OK
r-patched-linux-x86_64 1.3.3 9.52 211.33 220.85 OK
r-patched-solaris-x86 1.3.3 418.50 OK
r-release-linux-x86_64 1.3.3 8.80 213.55 222.35 OK
r-release-macos-arm64 1.3.3 OK
r-release-macos-x86_64 1.3.3 OK
r-release-windows-ix86+x86_64 1.3.3 21.00 314.00 335.00 OK
r-oldrel-macos-x86_64 1.3.3 OK
r-oldrel-windows-ix86+x86_64 1.3.3 21.00 345.00 366.00 OK

Check Details

Version: 1.3.3
Check: Rd cross-references
Result: NOTE
    Undeclared package ‘gtable’ in Rd xrefs
Flavor: r-devel-linux-x86_64-fedora-clang